actor of y and c?
3
Suppose 0*w + 2*w - 4*i - 84 = 0, 5*w = -5*i + 165. Suppose -5*k = -2*k - w. Calculate the highest common divisor of k and 3.
3
Suppose -13 + 93 = 5*h - 3*w, -3*h + w = -48. Let m(t) = 81*t**2 - t. Let c be m(1). Calculate the greatest common factor of h and c.
16
Let j(x) = x**2 - 2*x - 3. Let p be j(3). Suppose p = -2*c + 3 + 3. Suppose -c*d = -374 + 80. Calculate the highest common divisor of 14 and d.
14
Let l(u) = -u**3 - u**2 + u + 6. Let h be l(0). Suppose 32*g = 33*g - 12. What is the greatest common factor of h and g?
6
Suppose 0 = -b - 3*b + 324. Suppose -o + b + 44 = 0. Suppose 109 = 2*x - o. What is the greatest common divisor of x and 13?
13
Let n(a) be the third derivative of 1/24*a**4 + 2*a**2 + 0 + 0*a + 0*a**3. Let h be n(7). What is the greatest common factor of 21 and h?
7
Let t(i) = i**2 + 6*i + 12. Let s be t(-8). Let j(n) = n + 2. Let a be j(2). Suppose 28 = a*x - 2*x. What is the greatest common factor of x and s?
14
Suppose 5*f - 5*u - 165 = 0, 2*u = 3*f + 5*u - 105. What is the highest common factor of 68 and f?
34
Let m(g) = 10*g - 1. Let d be m(6). Suppose 0 = 2*f + n - d, 5*f - 5*n = -3*n + 134. Let s be (-1155)/(-22)*4/3. What is the highest common factor of f and s?
14
Let i(x) = -x**2 - 6*x - 5. Let v be i(-4). Suppose v*l - l - 110 = 0. Calculate the highest common divisor of 22 and l.
11
Let b be (-54)/(-10) - (-4)/(-10). Let c(s) = 26*s - 4. Let w be c(b). Calculate the greatest common divisor of w and 14.
14
Let o be 1 + 0 - 52/(-4). Suppose -5*p + 40 = 3*k - 3, 0 = -5*k + 2*p + 113. Calculate the greatest common factor of k and o.
7
Suppose 10 = 5*n, 4*a - 106 + 26 = -4*n. Suppose 0*m - 39 = -5*l - 3*m, -3*m = l - 15. What is the greatest common factor of l and a?
6
Let v(i) = 4*i**2 + 15*i. Let y be v(-6). What is the greatest common divisor of 36 and y?
18
Let w = -12 - -26. Let v be 1/4 + 228/(-16). Let n be v/(-6)*3 - 0. What is the greatest common divisor of w and n?
7
Let d be 10/(-65) + (-914)/(-26). What is the greatest common factor of d and 7?
7
Let g = -1 - -5. Suppose 4*r - 2*d - 14 = r, -g = r - 5*d. What is the highest common divisor of 3 and r?
3
Suppose -4*r = -4*d + 13 + 23, -5*d = r - 21. Suppose 4*x - 7 = d*q, x + 2*q + 0*q = 18. Calculate the highest common divisor of 16 and x.
8
Suppose 5*p = -0*p + 60. Let s = -321 + 465. Suppose 0*r + 6*r - s = 0. Calculate the highest common divisor of p and r.
12
Let y = -34 + 40. Suppose 5*r + 94 - 334 = 0. Calculate the highest common factor of r and y.
6
Let s be (1/(5/320))/2. Calculate the greatest common factor of s and 80.
16
Let x be ((-20)/6)/((-34)/51). What is the greatest common divisor of x and 40?
5
Suppose -5*d - 5*s = -65, 0*s = 3*d + 4*s - 40. Let p(t) = t**2 + 7*t - 4. Let a be p(-8). Calculate the greatest common divisor of a and d.
4
Let l(q) = -q + 2. Let v be l(-2). Let g(t) = t**2 + 11*t - 3. Let h be g(-12). Suppose u - h = v. What is the highest common factor of u and 91?
13
Let x(z) = z**3 - 4*z**2 - 4*z + 3. Let u be x(5). Let m be (-95)/57*(-6)/10. What is the highest common divisor of u and m?
1
Suppose 538*u = 535*u + 150. Let j = 39 + -14. Suppose -5*m + 75 + j = 0. What is the greatest common factor of u and m?
10
Suppose a + 5*z = 6*a - 845, -z = 3*a - 515. Calculate the greatest common factor of 19 and a.
19
Let y(c) = -c**2 + 6*c - 4. Let j be y(5). Calculate the greatest common factor of j and 10.
1
Suppose -5*w + 47 = -8. Let f be 2/(-4) - (-22)/4. Let v be ((-2)/f)/((-14)/35). Calculate the greatest common factor of w and v.
1
Let k(a) = -a**3 - 2*a**2 + 16*a + 7. Let h be k(-7). Calculate the highest common factor of h and 28.
28
Let j(x) = x - 10. Let m be j(12). Calculate the greatest common divisor of m and 14.
2
Let r be 72/5 - (-10)/75*-3. Calculate the highest common divisor of 126 and r.
14
Suppose 98 - 242 = -2*d. Let y = 6 + 2. What is the highest common factor of y and d?
8
Let x be (-22)/(-5) + 4/(-10). Let l be 2 - 2 - (-5 + 1). Calculate the greatest common factor of x and l.
4
Let j be (8/(-12))/((-1)/15). Calculate the greatest common divisor of j and 80.
10
Let g(c) = 2 - 6 + 1 - 4*c + 2*c**2. Suppose k + 6*v - 4*v = 0, 0 = 3*k - 3*v - 27. Let m be g(k). What is the highest common factor of 5 and m?
5
Let w(j) = -22*j - 16. Let r be w(-4). What is the greatest common factor of r and 9?
9
Let z = 14 + -8. Suppose -4*w - a + 123 = 0, 0*a = -4*w - 5*a + 135. What is the greatest common divisor of z and w?
6
Let n = -113 - -149. Calculate the highest common factor of n and 162.
18
Suppose -9*m = -12*m + 138. Calculate the highest common divisor of m and 506.
46
Let j(s) = s**3 + 3*s**2 - s. Let p = 6 + -3. Let h be (p/(-4))/(1/4). Let l be j(h). What is the greatest common divisor of 6 and l?
3
Suppose 5*t - 199 = -0*t + c, 5*c = 5. Let q(u) = -6*u**3 - 2*u**2 + 1. Let o be q(-1). Calculate the highest common divisor of t and o.
5
Suppose -1 + 2 = o. Let r be 62/4 + o/2. Calculate the greatest common divisor of r and 16.
16
Let f = 9 - 1. Suppose -3*o = -2*o - f. Let g = 43 - 23. What is the highest common divisor of o and g?
4
Let s be (4 - -1)*(-117)/(-15). Let z = -61 - -33. Let d be 2 + 7/(z/(-96)). What is the highest common factor of s and d?
13
Let n(h) = 24*h + 20. Let c be n(3). What is the greatest common divisor of 4 and c?
4
Let y = 92 - 20. Calculate the greatest common factor of y and 8.
8
Let c = 40 - -5. Calculate the greatest common factor of 30 and c.
15
Suppose 0 = 2*a + w - 3*w - 42, -4*a - 2*w = -102. What is the highest common factor of a and 12?
12
Let h = 38 + -36. Suppose 7 = -k - 3*f - 5, 0 = 4*k + 4*f + 8. Suppose -k*o - h*n = -6, o - 10 = -0*o + 2*n. What is the greatest common divisor of 36 and o?
4
Suppose -u - 2 = -4*a + 1, -a - 4 = -5*u. Let p be (-69)/(-1) + 0 + u. What is the highest common divisor of 14 and p?
14
Suppose 0*n + 56 = 4*n. Calculate the greatest common factor of 14 and n.
14
Let b(p) be the first derivative of p**4 + p**3 - p**2 - 4*p + 1. Let z be b(5). Suppose 0 = -a + 4*a - z. What is the highest common factor of 17 and a?
17
Let d be 3/(((-27)/6)/(-3)). Calculate the greatest common factor of 16 and d.
2
Suppose -5*g - 240 = -8*g. Let v be (3/4)/(2/g). Calculate the greatest common factor of v and 15.
15
Let f = 7 - -11. Suppose 0*t + 4*t = 8. Calculate the highest common factor of f and t.
2
Let k(v) = -v**2 + 11*v + 25. Let z be k(12). Suppose p = 2*p - 117. Calculate the highest common divisor of p and z.
13
Suppose 35 = -4*h + 147. Suppose -x + 3*x = h. What is the greatest common factor of x and 35?
7
Suppose y + 2*y = 126. Suppose y = 5*r + 12. Let x = 41 + 7. What is the greatest common divisor of x and r?
6
Suppose 0 = 4*s - 5 - 11. Suppose 518 - 58 = 4*k. Suppose -7*u = -5*q - 2*u + k, -5*u = -3*q + 75. What is the greatest common factor of s and q?
4
Suppose 0 = -8*r + 14 + 2. Let s be -1 - ((2 - 2) + -359). Suppose r*l + s = 2*g, -4*l = -0*l - 4. What is the greatest common divisor of 20 and g?
20
Suppose 0 = -4*s - w + 192, -2*w = 5*s + w - 240. Suppose 2*v + 6 = 2*u, -3*v + v + 18 = 2*u. What is the highest common divisor of u and s?
6
Let h = 17 + -10. Suppose -l + 3 = -y, 19 = h*l - 2*l - 3*y. Let v = 27 + -12. What is the highest common factor of v and l?
5
Let a be 1 - 3 - (-8)/2. Suppose -a*b = 2*z - 192, -5*z + 2*z = -5*b - 288. What is the highest common divisor of z and 12?
12
Let q = 16 - -14. Let f be (-3)/((-5)/(q/(-9))). Let y be ((-3)/4)/(f/24). Calculate the highest common factor of 99 and y.
9
Suppose 10 = f + f. Suppose 694 = 4*b + f*u, -2*b + 4*b - u = 354. What is the greatest common divisor of b and 16?
16
Suppose 4*o + 128 = 8*o. What is the greatest common divisor of 12 and o?
4
Suppose 5*h + i - 18 = 0, -h = -0*i - i. Suppose h*o + 3*a = 54, 24 = 2*o - 2*a - 0*a. Calculate the highest common divisor of o and 10.
5
Let q be -1 + 1/((-1)/(-49)). Suppose -40 = x + 4*x. Let l be (12/x)/(1/(-8)). Calculate the highest common divisor of l and q.
12
Let h be ((-2)/(-4))/(1/(-12)). Let f = -1 - h. Suppose 6*v - 2*v - 160 = 0. What is the greatest common factor of f and v?
5
Let x(r) = -r**2 - 12*r - 14. Let c be x(-6). Calculate the greatest common factor of 110 and c.
22
Let a(w) = -w**2 + 8*w - 